{"id":11,"date":"2025-04-07T15:08:33","date_gmt":"2025-04-07T15:08:33","guid":{"rendered":"http:\/\/localhost\/DenemaxSport\/?page_id=11"},"modified":"2025-05-22T13:54:11","modified_gmt":"2025-05-22T13:54:11","slug":"acerca-de-gestion-clubes-deportivos","status":"publish","type":"page","link":"https:\/\/denemaxsport.com\/?page_id=11","title":{"rendered":"Acerca de"},"content":{"rendered":"\n<div class=\"wp-block-uagb-container uagb-layout-flex uagb-block-edf9ad47 alignfull uagb-is-root-container\"><div class=\"uagb-container-inner-blocks-wrap\">\n<div class=\"wp-block-uagb-advanced-heading uagb-block-022836bc\"><h1 class=\"uagb-heading-text\">Descubre nuestra pasi\u00f3n por el deporte<\/h1><\/div>\n<\/div><\/div>\n\n\n\n<div class=\"wp-block-uagb-container uagb-layout-grid uagb-block-889b654d alignfull uagb-is-root-container\"><div class=\"uagb-container-inner-blocks-wrap\">\n<div class=\"wp-block-uagb-advanced-heading uagb-block-1f8f3c3f\"><h2 class=\"uagb-heading-text\">Creando futuro en el deporte<\/h2><\/div>\n\n\n\n<div class=\"wp-block-uagb-container uagb-layout-flex uagb-block-63e0ef61\">\n<div class=\"wp-block-uagb-advanced-heading uagb-block-11111ede\"><h2 class=\"uagb-heading-text\">Denemax Sport ha logrado transformar la gesti\u00f3n de clubes deportivos, ayudando a nuestros clientes a aumentar su eficiencia y efectividad en la administraci\u00f3n de actividades.<\/h2><p class=\"uagb-desc-text\">En Denemax Sport, nos especializamos en la <strong>gesti\u00f3n de clubes deportivos<\/strong>, ofreciendo soluciones digitales que optimizan la administraci\u00f3n y potencian el rendimiento de entrenadores y deportistas.<\/p><\/div>\n\n\n\n<div class=\"wp-block-uagb-container uagb-layout-grid uagb-block-1f2e5329\">\n<div class=\"wp-block-uagb-counter uagb-block-c405ce85 wp-block-uagb-counter--number\"><div class=\"wp-block-uagb-counter__number\"><span class=\"uagb-counter-block-number\" data-duration=\"1.5\" data-to-value=\"98\" data-from-value=\"0\" data-delimiter=\",\"><\/span><span class=\"uagb-counter-block-suffix\">%<\/span><\/div><div class=\"wp-block-uagb-counter__title\">A\u00f1os de Experiencia<\/div><\/div>\n\n\n\n<div class=\"wp-block-uagb-counter uagb-block-5d03f64c wp-block-uagb-counter--number\"><div class=\"wp-block-uagb-counter__number\"><span class=\"uagb-counter-block-number\" data-duration=\"1.5\" data-to-value=\"200\" data-from-value=\"0\" data-delimiter=\",\"><\/span><span class=\"uagb-counter-block-suffix\">+<\/span><\/div><div class=\"wp-block-uagb-counter__title\">Clientes Atendidos<\/div><\/div>\n\n\n\n<div class=\"wp-block-uagb-counter uagb-block-803805b1 wp-block-uagb-counter--number\"><div class=\"wp-block-uagb-counter__number\"><span class=\"uagb-counter-block-number\" data-duration=\"1.5\" data-to-value=\"12\" data-from-value=\"0\" data-delimiter=\",\"><\/span><span class=\"uagb-counter-block-suffix\">K<\/span><\/div><div class=\"wp-block-uagb-counter__title\">Certificaciones<\/div><\/div>\n<\/div>\n<\/div>\n\n\n\n<div class=\"wp-block-uagb-container uagb-block-1f905456\">\n<div class=\"wp-block-uagb-image alignleft uagb-block-5d6e02fa wp-block-uagb-image--layout-default wp-block-uagb-image--effect-static wp-block-uagb-image--align-left\"><figure class=\"wp-block-uagb-image__figure\"><img decoding=\"async\" srcset=\"https:\/\/prueba.denemaxsport.com\/DenemaxSport\/wp-content\/uploads\/2025\/04\/photo-of-woman-in-boxing-gloves-1608099-683x1024.jpeg ,https:\/\/prueba.denemaxsport.com\/DenemaxSport\/wp-content\/uploads\/2025\/04\/photo-of-woman-in-boxing-gloves-1608099.jpeg 780w, https:\/\/prueba.denemaxsport.com\/DenemaxSport\/wp-content\/uploads\/2025\/04\/photo-of-woman-in-boxing-gloves-1608099.jpeg 360w\" sizes=\"auto, (max-width: 480px) 150px\" src=\"https:\/\/prueba.denemaxsport.com\/DenemaxSport\/wp-content\/uploads\/2025\/04\/photo-of-woman-in-boxing-gloves-1608099-683x1024.jpeg\" alt=\"Consultor\u00eda deportiva y administraci\u00f3n de clubes con Denemax Sport\" class=\"uag-image-871\" width=\"1020\" height=\"400\" title=\"photo-of-woman-in-boxing-gloves-1608099\" loading=\"lazy\" role=\"img\"\/><\/figure><\/div>\n<\/div>\n<\/div><\/div>\n\n\n\n<div class=\"wp-block-uagb-container uagb-layout-grid uagb-block-ff28d7e0 alignfull uagb-is-root-container\"><div class=\"uagb-container-inner-blocks-wrap\">\n<div class=\"wp-block-uagb-advanced-heading uagb-block-770336da\"><h3 class=\"uagb-heading-text\">Misi\u00f3n Clave<\/h3><p class=\"uagb-desc-text\">En Denemax Sport, nuestra misi\u00f3n es potenciar la gesti\u00f3n deportiva a trav\u00e9s de soluciones digitales innovadoras, permitiendo a entrenadores y gestores optimizar sus procesos y tomar decisiones informadas, contribuyendo as\u00ed al crecimiento y \u00e9xito de cada organizaci\u00f3n deportiva.<\/p><\/div>\n\n\n\n<div class=\"wp-block-uagb-advanced-heading uagb-block-f1a98bc0\"><h3 class=\"uagb-heading-text\">Visi\u00f3n Futuro<\/h3><p class=\"uagb-desc-text\">Aspiramos a ser la agencia l\u00edder en marketing deportivo, reconocida por transformar la gesti\u00f3n interna de clubes en Espa\u00f1a. Buscamos impulsar una cultura de eficiencia y digitalizaci\u00f3n en el deporte, creando un entorno en el que todos los clubes puedan alcanzar su m\u00e1ximo potencial.<\/p><\/div>\n\n\n\n<div class=\"wp-block-uagb-image uagb-block-5155eb65 wp-block-uagb-image--layout-default wp-block-uagb-image--effect-static wp-block-uagb-image--align-none\"><figure class=\"wp-block-uagb-image__figure\"><img decoding=\"async\" srcset=\"https:\/\/prueba.denemaxsport.com\/DenemaxSport\/wp-content\/uploads\/2025\/04\/four-people-playing-basketball-1080882-1024x682.jpeg ,https:\/\/prueba.denemaxsport.com\/DenemaxSport\/wp-content\/uploads\/2025\/04\/four-people-playing-basketball-1080882.jpeg 780w, https:\/\/prueba.denemaxsport.com\/DenemaxSport\/wp-content\/uploads\/2025\/04\/four-people-playing-basketball-1080882.jpeg 360w\" sizes=\"auto, (max-width: 480px) 150px\" src=\"https:\/\/prueba.denemaxsport.com\/DenemaxSport\/wp-content\/uploads\/2025\/04\/four-people-playing-basketball-1080882-1024x682.jpeg\" alt=\"Herramientas digitales para la gesti\u00f3n de clubes deportivos\" class=\"uag-image-840\" width=\"400\" height=\"460\" title=\"four-people-playing-basketball-1080882\" loading=\"lazy\" role=\"img\"\/><\/figure><\/div>\n<\/div><\/div>\n\n\n\n<div class=\"wp-block-uagb-container uagb-layout-grid uagb-block-ec9486ee default uagb-is-root-container\">\n<div class=\"wp-block-uagb-image uagb-block-936d1125 wp-block-uagb-image--layout-default wp-block-uagb-image--effect-static wp-block-uagb-image--align-none\"><figure class=\"wp-block-uagb-image__figure\"><img decoding=\"async\" srcset=\"https:\/\/prueba.denemaxsport.com\/DenemaxSport\/wp-content\/uploads\/2025\/04\/basketball-net-2169302-683x1024.jpeg ,https:\/\/prueba.denemaxsport.com\/DenemaxSport\/wp-content\/uploads\/2025\/04\/basketball-net-2169302.jpeg 780w, https:\/\/prueba.denemaxsport.com\/DenemaxSport\/wp-content\/uploads\/2025\/04\/basketball-net-2169302.jpeg 360w\" sizes=\"auto, (max-width: 480px) 150px\" src=\"https:\/\/prueba.denemaxsport.com\/DenemaxSport\/wp-content\/uploads\/2025\/04\/basketball-net-2169302-683x1024.jpeg\" alt=\"Clientes satisfechos con la gesti\u00f3n deportiva personalizada de Denemax Sport\" class=\"uag-image-844\" width=\"522\" height=\"440\" title=\"basketball-net-2169302\" loading=\"lazy\" role=\"img\"\/><\/figure><\/div>\n\n\n\n<div class=\"wp-block-uagb-info-box uagb-block-5a2bc621 uagb-infobox__content-wrap  uagb-infobox-icon-above-title uagb-infobox-image-valign-top wp-block-uagb-info-box--has-margin\"><div class=\"uagb-infobox-margin-wrapper\"><div class=\"uagb-ifb-content\"><div class=\"uagb-ifb-title-wrap\"><span class=\"uagb-ifb-title-prefix\">Nuestra Trayectoria<\/span><h2 class=\"uagb-ifb-title\">Historia de Denemax Sport<\/h2><\/div><p class=\"uagb-ifb-desc\">Desde su creaci\u00f3n, Denemax Sport ha sido pionera en la implementaci\u00f3n de soluciones digitales para la gesti\u00f3n de clubes deportivos. Con un enfoque en la eficacia y la modernizaci\u00f3n, hemos ayudado a numerosos clubes a transformar sus operaciones y lograr un impacto positivo en sus comunidades deportivas.<\/p><\/div><\/div><\/div>\n<\/div>\n\n\n\n<div class=\"wp-block-uagb-container uagb-layout-grid uagb-block-d17d52f5 alignfull uagb-is-root-container\">\n<div class=\"wp-block-uagb-image uagb-block-f5c79397 wp-block-uagb-image--layout-default wp-block-uagb-image--effect-static wp-block-uagb-image--align-none uag-hide-mob\"><figure class=\"wp-block-uagb-image__figure\"><\/figure><\/div>\n\n\n\n<div class=\"wp-block-uagb-info-box uagb-block-e0e0877b uagb-infobox__content-wrap  uagb-infobox-icon-above-title uagb-infobox-image-valign-top wp-block-uagb-info-box--has-margin\"><div class=\"uagb-infobox-margin-wrapper\"><div class=\"uagb-ifb-content\"><div class=\"uagb-ifb-title-wrap\"><p class=\"uagb-ifb-title-prefix\">\u00danete hoy<\/p><h2 class=\"uagb-ifb-title\">Dale un nuevo rumbo a tu club deportivo<\/h2><\/div><p class=\"uagb-ifb-desc\"><strong>Contacta con nosotros y descubre c\u00f3mo podemos ayudarte a optimizar la gesti\u00f3n de tu club de manera efectiva.<\/strong><\/p><div class=\"uagb-ifb-button-wrapper wp-block-button\"><a href=\"?page_id=14\" class=\"uagb-infobox-cta-link wp-block-button__link\" target=\"_self\" rel=\"noopener noreferrer\" onclick=\"return true;\"><span class=\"uagb-inline-editing\">Descubre m\u00e1s<\/span><\/a><\/div><\/div><\/div><\/div>\n\n\n\n<div class=\"wp-block-uagb-image uagb-block-7baf2f18 wp-block-uagb-image--layout-default wp-block-uagb-image--effect-static wp-block-uagb-image--align-none uag-hide-mob\"><figure class=\"wp-block-uagb-image__figure\"><\/figure><\/div>\n<\/div>\n","protected":false},"excerpt":{"rendered":"<p>Descubre nuestra pasi\u00f3n por el deporte Creando futuro en el deporte Denemax Sport ha logrado transformar la gesti\u00f3n de clubes [&hellip;]<\/p>\n","protected":false},"author":4,"featured_media":0,"parent":0,"menu_order":0,"comment_status":"closed","ping_status":"closed","template":"","meta":{"_uag_custom_page_level_css":"","site-sidebar-layout":"default","site-content-layout":"","ast-site-content-layout":"","site-content-style":"default","site-sidebar-style":"default","ast-global-header-display":"","ast-banner-title-visibility":"","ast-main-header-display":"","ast-hfb-above-header-display":"","ast-hfb-below-header-display":"","ast-hfb-mobile-header-display":"","site-post-title":"disabled","ast-breadcrumbs-content":"","ast-featured-img":"","footer-sml-layout":"","theme-transparent-header-meta":"enabled","adv-header-id-meta":"","stick-header-meta":"","header-above-stick-meta":"","header-main-stick-meta":"","header-below-stick-meta":"","astra-migrate-meta-layouts":"default","ast-page-background-enabled":"default","ast-page-background-meta":{"desktop":{"background-color":"var(--ast-global-color-4)","background-image":"","background-repeat":"repeat","background-position":"center center","background-size":"auto","background-attachment":"scroll","background-type":"","background-media":"","overlay-type":"","overlay-color":"","overlay-opacity":"","overlay-gradient":""},"tablet":{"background-color":"","background-image":"","background-repeat":"repeat","background-position":"center center","background-size":"auto","background-attachment":"scroll","background-type":"","background-media":"","overlay-type":"","overlay-color":"","overlay-opacity":"","overlay-gradient":""},"mobile":{"background-color":"","background-image":"","background-repeat":"repeat","background-position":"center center","background-size":"auto","background-attachment":"scroll","background-type":"","background-media":"","overlay-type":"","overlay-color":"","overlay-opacity":"","overlay-gradient":""}},"ast-content-background-meta":{"desktop":{"background-color":"var(--ast-global-color-5)","background-image":"","background-repeat":"repeat","background-position":"center center","background-size":"auto","background-attachment":"scroll","background-type":"","background-media":"","overlay-type":"","overlay-color":"","overlay-opacity":"","overlay-gradient":""},"tablet":{"background-color":"var(--ast-global-color-5)","background-image":"","background-repeat":"repeat","background-position":"center center","background-size":"auto","background-attachment":"scroll","background-type":"","background-media":"","overlay-type":"","overlay-color":"","overlay-opacity":"","overlay-gradient":""},"mobile":{"background-color":"var(--ast-global-color-5)","background-image":"","background-repeat":"repeat","background-position":"center center","background-size":"auto","background-attachment":"scroll","background-type":"","background-media":"","overlay-type":"","overlay-color":"","overlay-opacity":"","overlay-gradient":""}},"footnotes":""},"class_list":["post-11","page","type-page","status-publish","hentry"],"yoast_head":"<!-- This site is optimized with the Yoast SEO Premium plugin v25.1 (Yoast SEO v25.1) - https:\/\/yoast.com\/wordpress\/plugins\/seo\/ -->\n<title>Gesti\u00f3n de clubes deportivos | Denemax Sport<\/title>\n<meta name=\"description\" content=\"Gesti\u00f3n de clubes deportivos con Denemax Sport. Soluciones digitales para optimizar administraci\u00f3n y potenciar equipos.\" \/>\n<meta name=\"robots\" content=\"index, follow, max-snippet:-1, max-image-preview:large, max-video-preview:-1\" \/>\n<link rel=\"canonical\" href=\"https:\/\/denemaxsport.com\/?page_id=11\" \/>\n<meta property=\"og:locale\" content=\"es_ES\" \/>\n<meta property=\"og:type\" content=\"article\" \/>\n<meta property=\"og:title\" content=\"Acerca de\" \/>\n<meta property=\"og:description\" content=\"Gesti\u00f3n de clubes deportivos con Denemax Sport. Soluciones digitales para optimizar administraci\u00f3n y potenciar equipos.\" \/>\n<meta property=\"og:url\" content=\"https:\/\/denemaxsport.com\/?page_id=11\" \/>\n<meta property=\"og:site_name\" content=\"Denemax Sport\" \/>\n<meta property=\"article:publisher\" content=\"https:\/\/www.facebook.com\/pages\/DenemaxConsultin\/966345906748622\" \/>\n<meta property=\"article:modified_time\" content=\"2025-05-22T13:54:11+00:00\" \/>\n<meta property=\"og:image\" content=\"http:\/\/prueba.denemaxsport.com\/DenemaxSport\/wp-content\/uploads\/2025\/04\/photo-of-woman-in-boxing-gloves-1608099-683x1024.jpeg\" \/>\n<meta name=\"twitter:card\" content=\"summary_large_image\" \/>\n<meta name=\"twitter:site\" content=\"@DenemaxSport\" \/>\n<meta name=\"twitter:label1\" content=\"Tiempo de lectura\" \/>\n\t<meta name=\"twitter:data1\" content=\"4 minutos\" \/>\n<script type=\"application\/ld+json\" class=\"yoast-schema-graph\">{\"@context\":\"https:\/\/schema.org\",\"@graph\":[{\"@type\":\"WebPage\",\"@id\":\"https:\/\/denemaxsport.com\/?page_id=11\",\"url\":\"https:\/\/denemaxsport.com\/?page_id=11\",\"name\":\"Gesti\u00f3n de clubes deportivos | Denemax Sport\",\"isPartOf\":{\"@id\":\"https:\/\/denemaxsport.com\/#website\"},\"primaryImageOfPage\":{\"@id\":\"https:\/\/denemaxsport.com\/?page_id=11#primaryimage\"},\"image\":{\"@id\":\"https:\/\/denemaxsport.com\/?page_id=11#primaryimage\"},\"thumbnailUrl\":\"http:\/\/prueba.denemaxsport.com\/DenemaxSport\/wp-content\/uploads\/2025\/04\/photo-of-woman-in-boxing-gloves-1608099-683x1024.jpeg\",\"datePublished\":\"2025-04-07T15:08:33+00:00\",\"dateModified\":\"2025-05-22T13:54:11+00:00\",\"description\":\"Gesti\u00f3n de clubes deportivos con Denemax Sport. Soluciones digitales para optimizar administraci\u00f3n y potenciar equipos.\",\"breadcrumb\":{\"@id\":\"https:\/\/denemaxsport.com\/?page_id=11#breadcrumb\"},\"inLanguage\":\"es\",\"potentialAction\":[{\"@type\":\"ReadAction\",\"target\":[\"https:\/\/denemaxsport.com\/?page_id=11\"]}]},{\"@type\":\"ImageObject\",\"inLanguage\":\"es\",\"@id\":\"https:\/\/denemaxsport.com\/?page_id=11#primaryimage\",\"url\":\"http:\/\/prueba.denemaxsport.com\/DenemaxSport\/wp-content\/uploads\/2025\/04\/photo-of-woman-in-boxing-gloves-1608099-683x1024.jpeg\",\"contentUrl\":\"http:\/\/prueba.denemaxsport.com\/DenemaxSport\/wp-content\/uploads\/2025\/04\/photo-of-woman-in-boxing-gloves-1608099-683x1024.jpeg\"},{\"@type\":\"BreadcrumbList\",\"@id\":\"https:\/\/denemaxsport.com\/?page_id=11#breadcrumb\",\"itemListElement\":[{\"@type\":\"ListItem\",\"position\":1,\"name\":\"Portada\",\"item\":\"https:\/\/denemaxsport.com\/\"},{\"@type\":\"ListItem\",\"position\":2,\"name\":\"Acerca de\"}]},{\"@type\":\"WebSite\",\"@id\":\"https:\/\/denemaxsport.com\/#website\",\"url\":\"https:\/\/denemaxsport.com\/\",\"name\":\"DenemaxSport\",\"description\":\"\",\"publisher\":{\"@id\":\"https:\/\/denemaxsport.com\/#organization\"},\"potentialAction\":[{\"@type\":\"SearchAction\",\"target\":{\"@type\":\"EntryPoint\",\"urlTemplate\":\"https:\/\/denemaxsport.com\/?s={search_term_string}\"},\"query-input\":{\"@type\":\"PropertyValueSpecification\",\"valueRequired\":true,\"valueName\":\"search_term_string\"}}],\"inLanguage\":\"es\"},{\"@type\":\"Organization\",\"@id\":\"https:\/\/denemaxsport.com\/#organization\",\"name\":\"DenemaxSport\",\"url\":\"https:\/\/denemaxsport.com\/\",\"logo\":{\"@type\":\"ImageObject\",\"inLanguage\":\"es\",\"@id\":\"https:\/\/denemaxsport.com\/#\/schema\/logo\/image\/\",\"url\":\"https:\/\/denemaxsport.com\/wp-content\/uploads\/2025\/04\/cropped-medio-Photoroom.png\",\"contentUrl\":\"https:\/\/denemaxsport.com\/wp-content\/uploads\/2025\/04\/cropped-medio-Photoroom.png\",\"width\":1035,\"height\":502,\"caption\":\"DenemaxSport\"},\"image\":{\"@id\":\"https:\/\/denemaxsport.com\/#\/schema\/logo\/image\/\"},\"sameAs\":[\"https:\/\/www.facebook.com\/pages\/DenemaxConsultin\/966345906748622\",\"https:\/\/x.com\/DenemaxSport\",\"https:\/\/www.instagram.com\/denemax_sports\"]}]}<\/script>\n<!-- \/ Yoast SEO Premium plugin. -->","yoast_head_json":{"title":"Gesti\u00f3n de clubes deportivos | Denemax Sport","description":"Gesti\u00f3n de clubes deportivos con Denemax Sport. Soluciones digitales para optimizar administraci\u00f3n y potenciar equipos.","robots":{"index":"index","follow":"follow","max-snippet":"max-snippet:-1","max-image-preview":"max-image-preview:large","max-video-preview":"max-video-preview:-1"},"canonical":"https:\/\/denemaxsport.com\/?page_id=11","og_locale":"es_ES","og_type":"article","og_title":"Acerca de","og_description":"Gesti\u00f3n de clubes deportivos con Denemax Sport. Soluciones digitales para optimizar administraci\u00f3n y potenciar equipos.","og_url":"https:\/\/denemaxsport.com\/?page_id=11","og_site_name":"Denemax Sport","article_publisher":"https:\/\/www.facebook.com\/pages\/DenemaxConsultin\/966345906748622","article_modified_time":"2025-05-22T13:54:11+00:00","og_image":[{"url":"http:\/\/prueba.denemaxsport.com\/DenemaxSport\/wp-content\/uploads\/2025\/04\/photo-of-woman-in-boxing-gloves-1608099-683x1024.jpeg","type":"","width":"","height":""}],"twitter_card":"summary_large_image","twitter_site":"@DenemaxSport","twitter_misc":{"Tiempo de lectura":"4 minutos"},"schema":{"@context":"https:\/\/schema.org","@graph":[{"@type":"WebPage","@id":"https:\/\/denemaxsport.com\/?page_id=11","url":"https:\/\/denemaxsport.com\/?page_id=11","name":"Gesti\u00f3n de clubes deportivos | Denemax Sport","isPartOf":{"@id":"https:\/\/denemaxsport.com\/#website"},"primaryImageOfPage":{"@id":"https:\/\/denemaxsport.com\/?page_id=11#primaryimage"},"image":{"@id":"https:\/\/denemaxsport.com\/?page_id=11#primaryimage"},"thumbnailUrl":"http:\/\/prueba.denemaxsport.com\/DenemaxSport\/wp-content\/uploads\/2025\/04\/photo-of-woman-in-boxing-gloves-1608099-683x1024.jpeg","datePublished":"2025-04-07T15:08:33+00:00","dateModified":"2025-05-22T13:54:11+00:00","description":"Gesti\u00f3n de clubes deportivos con Denemax Sport. Soluciones digitales para optimizar administraci\u00f3n y potenciar equipos.","breadcrumb":{"@id":"https:\/\/denemaxsport.com\/?page_id=11#breadcrumb"},"inLanguage":"es","potentialAction":[{"@type":"ReadAction","target":["https:\/\/denemaxsport.com\/?page_id=11"]}]},{"@type":"ImageObject","inLanguage":"es","@id":"https:\/\/denemaxsport.com\/?page_id=11#primaryimage","url":"http:\/\/prueba.denemaxsport.com\/DenemaxSport\/wp-content\/uploads\/2025\/04\/photo-of-woman-in-boxing-gloves-1608099-683x1024.jpeg","contentUrl":"http:\/\/prueba.denemaxsport.com\/DenemaxSport\/wp-content\/uploads\/2025\/04\/photo-of-woman-in-boxing-gloves-1608099-683x1024.jpeg"},{"@type":"BreadcrumbList","@id":"https:\/\/denemaxsport.com\/?page_id=11#breadcrumb","itemListElement":[{"@type":"ListItem","position":1,"name":"Portada","item":"https:\/\/denemaxsport.com\/"},{"@type":"ListItem","position":2,"name":"Acerca de"}]},{"@type":"WebSite","@id":"https:\/\/denemaxsport.com\/#website","url":"https:\/\/denemaxsport.com\/","name":"DenemaxSport","description":"","publisher":{"@id":"https:\/\/denemaxsport.com\/#organization"},"potentialAction":[{"@type":"SearchAction","target":{"@type":"EntryPoint","urlTemplate":"https:\/\/denemaxsport.com\/?s={search_term_string}"},"query-input":{"@type":"PropertyValueSpecification","valueRequired":true,"valueName":"search_term_string"}}],"inLanguage":"es"},{"@type":"Organization","@id":"https:\/\/denemaxsport.com\/#organization","name":"DenemaxSport","url":"https:\/\/denemaxsport.com\/","logo":{"@type":"ImageObject","inLanguage":"es","@id":"https:\/\/denemaxsport.com\/#\/schema\/logo\/image\/","url":"https:\/\/denemaxsport.com\/wp-content\/uploads\/2025\/04\/cropped-medio-Photoroom.png","contentUrl":"https:\/\/denemaxsport.com\/wp-content\/uploads\/2025\/04\/cropped-medio-Photoroom.png","width":1035,"height":502,"caption":"DenemaxSport"},"image":{"@id":"https:\/\/denemaxsport.com\/#\/schema\/logo\/image\/"},"sameAs":["https:\/\/www.facebook.com\/pages\/DenemaxConsultin\/966345906748622","https:\/\/x.com\/DenemaxSport","https:\/\/www.instagram.com\/denemax_sports"]}]}},"uagb_featured_image_src":{"full":false,"thumbnail":false,"medium":false,"medium_large":false,"large":false,"1536x1536":false,"2048x2048":false,"ultp_layout_landscape_large":false,"ultp_layout_landscape":false,"ultp_layout_portrait":false,"ultp_layout_square":false},"uagb_author_info":{"display_name":"DenemaxSport Denemax","author_link":"https:\/\/denemaxsport.com\/?author=4"},"uagb_comment_info":0,"uagb_excerpt":"Descubre nuestra pasi\u00f3n por el deporte Creando futuro en el deporte Denemax Sport ha logrado transformar la gesti\u00f3n de clubes [&hellip;]","_links":{"self":[{"href":"https:\/\/denemaxsport.com\/index.php?rest_route=\/wp\/v2\/pages\/11","targetHints":{"allow":["GET"]}}],"collection":[{"href":"https:\/\/denemaxsport.com\/index.php?rest_route=\/wp\/v2\/pages"}],"about":[{"href":"https:\/\/denemaxsport.com\/index.php?rest_route=\/wp\/v2\/types\/page"}],"author":[{"embeddable":true,"href":"https:\/\/denemaxsport.com\/index.php?rest_route=\/wp\/v2\/users\/4"}],"replies":[{"embeddable":true,"href":"https:\/\/denemaxsport.com\/index.php?rest_route=%2Fwp%2Fv2%2Fcomments&post=11"}],"version-history":[{"count":20,"href":"https:\/\/denemaxsport.com\/index.php?rest_route=\/wp\/v2\/pages\/11\/revisions"}],"predecessor-version":[{"id":1553,"href":"https:\/\/denemaxsport.com\/index.php?rest_route=\/wp\/v2\/pages\/11\/revisions\/1553"}],"wp:attachment":[{"href":"https:\/\/denemaxsport.com\/index.php?rest_route=%2Fwp%2Fv2%2Fmedia&parent=11"}],"curies":[{"name":"wp","href":"https:\/\/api.w.org\/{rel}","templated":true}]}}